{"id":12099,"date":"2022-03-07T16:36:18","date_gmt":"2022-03-07T16:36:18","guid":{"rendered":"http:\/\/zeromski.czest.pl\/?page_id=12099"},"modified":"2022-03-07T16:36:18","modified_gmt":"2022-03-07T16:36:18","slug":"konta-bankowe-miast-z-ukrainy","status":"publish","type":"page","link":"https:\/\/zeromski.czest.pl\/?page_id=12099","title":{"rendered":"Konta bankowe miast z Ukrainy"},"content":{"rendered":"<p><b>KAMIENIEC PODOLSKI<\/b><br \/>\nOficjalne konto Rady Miasta Kamieniec-Podolski &#8211; wszystkie otrzymane \u015brodki finansowe zostan\u0105 wykorzystane na pomoc mieszka\u0144com miasta i osobom ewakuowanym<br \/>\nUSREOU 04060542<br \/>\nFT PRIVATBANK<br \/>\nUA263154050000025551052400419<br \/>\nCel \/ tytu\u0142 wp\u0142aty: pomoc charytatywna<\/p>\n<p><b>IVANO-FRANKIVSK<\/b><br \/>\nOrganizacja: \u0411\u0424 \u041c\u041e\u0404 \u041c\u0406\u0421\u0422\u041e \u0406\u0412\u0410\u041d\u041e-\u0424\u0420\u0410\u041d\u041a\u0406\u0412\u0421\u042c\u041a \u0411\u041e (BF MOIE MISTO IVANO-FRANKIVSK BO)<br \/>\nIBAN Code<br \/>\nUA693366770000026007052561740<br \/>\nBank<br \/>\nJSC CB &#8222;PRIVATBANK&#8221;, 1D HRUSHEVSKOHO STR., KYIV, 01001, UKRAINE Bank SWIFT Code<br \/>\nPBANUA2X<br \/>\nAdres organizacji<br \/>\nUA 76019 Ivano-Frankivsk region, Ivano-Frankivsk, Vasyliianok Str., 68\/13<\/p>\n<p>Bank korespondencyjny<br \/>\nKonto 400886700401<br \/>\nKod SWIFT &#8211; COBADEFF<br \/>\nCommerzbank AG, Frankfurt am Main, Germany<\/p>\n<p>Konto 6231605145<br \/>\nKod SWIFT &#8211; CHASDEFX<br \/>\nJ.P.MORGAN AG, FRANKFURT AM MAIN, GERMANY<\/p>\n<p><b>WINNICA<\/b><br \/>\nFundacja Charytatywna Podilska Hromada na rzecz przyjmowania darowizn na wsparcie Winnickiego Wojska Obrony Terytorialnej<\/p>\n<p>Konto w Euro:<br \/>\nCORRESPONDENT BANK<br \/>\nCOMMERZBANK AG,<br \/>\nNeue Mainzer Strasse 32-36, 60261<br \/>\nFrankfurt Am Main, Germany<br \/>\nSWIFT: COBADEFF<br \/>\nCORR. ACCOUNT<br \/>\n400886433201<br \/>\nBENEFICIARY BANK<br \/>\nJSB \u201cUKRGASBANK\u201d, UKRAINE<br \/>\nIBAN<br \/>\nUA473204780000000026002188653<br \/>\nBENEFICIARY<br \/>\nCharitable organization &#8222;CF Podilska Hromada&#8221;<\/p>\n<p>Konto w dolarach ameryka\u0144skich:<br \/>\nJ.P. Morgan Chase Bank, New York<br \/>\n70 Park Avenue, New York, NY, 10017\u00a0\u00a0 USA, New York<br \/>\nSWIFT: CHASUS33\u0425\u0425\u0425<br \/>\nCORR. ACCOUNT<br \/>\n899579957<br \/>\nBENEFICIARY BANK<br \/>\nJSB \u201cUKRGASBANK\u201d, UKRAINE<br \/>\nSWIFT: UGASUAK\u0425\u0425\u0425<br \/>\nIBAN<br \/>\nUA203204780000002600303188653<br \/>\nBENEFICIARY<br \/>\nCharitable organization &#8222;CF Podilska Hromada&#8221;<\/p>\n","protected":false},"excerpt":{"rendered":"<p>KAMIENIEC PODOLSKI Oficjalne konto Rady Miasta Kamieniec-Podolski &#8211; wszystkie otrzymane \u015brodki finansowe zostan\u0105 wykorzystane na pomoc mieszka\u0144com miasta i osobom ewakuowanym USREOU 04060542 FT PRIVATBANK UA263154050000025551052400419 Cel \/ tytu\u0142 wp\u0142aty: pomoc charytatywna IVANO-FRANKIVSK Organizacja: \u0411\u0424 \u041c\u041e\u0404 \u041c\u0406\u0421\u0422\u041e \u0406\u0412\u0410\u041d\u041e-\u0424\u0420\u0410\u041d\u041a\u0406\u0412\u0421\u042c\u041a \u0411\u041e (BF &hellip; <a href=\"https:\/\/zeromski.czest.pl\/?page_id=12099\">Czytaj dalej <span class=\"meta-nav\">&rarr;<\/span><\/a><\/p>\n","protected":false},"author":1,"featured_media":0,"parent":0,"menu_order":0,"comment_status":"closed","ping_status":"closed","template":"","meta":{"footnotes":"","_links_to":"","_links_to_target":""},"class_list":["post-12099","page","type-page","status-publish","hentry"],"_links":{"self":[{"href":"https:\/\/zeromski.czest.pl\/index.php?rest_route=\/wp\/v2\/pages\/12099","targetHints":{"allow":["GET"]}}],"collection":[{"href":"https:\/\/zeromski.czest.pl\/index.php?rest_route=\/wp\/v2\/pages"}],"about":[{"href":"https:\/\/zeromski.czest.pl\/index.php?rest_route=\/wp\/v2\/types\/page"}],"author":[{"embeddable":true,"href":"https:\/\/zeromski.czest.pl\/index.php?rest_route=\/wp\/v2\/users\/1"}],"replies":[{"embeddable":true,"href":"https:\/\/zeromski.czest.pl\/index.php?rest_route=%2Fwp%2Fv2%2Fcomments&post=12099"}],"version-history":[{"count":1,"href":"https:\/\/zeromski.czest.pl\/index.php?rest_route=\/wp\/v2\/pages\/12099\/revisions"}],"predecessor-version":[{"id":12100,"href":"https:\/\/zeromski.czest.pl\/index.php?rest_route=\/wp\/v2\/pages\/12099\/revisions\/12100"}],"wp:attachment":[{"href":"https:\/\/zeromski.czest.pl\/index.php?rest_route=%2Fwp%2Fv2%2Fmedia&parent=12099"}],"curies":[{"name":"wp","href":"https:\/\/api.w.org\/{rel}","templated":true}]}}