{"id":17836,"date":"2024-02-12T12:35:30","date_gmt":"2024-02-12T12:35:30","guid":{"rendered":"https:\/\/zeromski.czest.pl\/?page_id=17836"},"modified":"2024-02-12T12:39:44","modified_gmt":"2024-02-12T12:39:44","slug":"odzial-przygotowania-wojskowego","status":"publish","type":"page","link":"https:\/\/zeromski.czest.pl\/?page_id=17836","title":{"rendered":"Odzia\u0142 Przygotowania Wojskowego"},"content":{"rendered":"<p>W Zespole Szk\u00f3\u0142 Technicznych i Og\u00f3lnokszta\u0142c\u0105cych im. Stefana \u017beromskiego od 1 wrze\u015bnia 2023 roku funkcjonuje oddzia\u0142 przygotowania wojskowego \u2013 klasa liceum og\u00f3lnokszta\u0142c\u0105cego obj\u0119ta patronatem Ministerstwa Obrony Narodowej. Kadeci tej klasy zostali wyposa\u017ceni w indywidualny pakiet wyposa\u017cenia ucznia klasy OPW, kt\u00f3ry sk\u0142ada si\u0119 z munduru, koszulki, beretu, zestawu oznak regulaminowych, plecaka taktycznego, bluzy ocieplanej oraz czapki i r\u0119kawic zimowych. Szko\u0142a zosta\u0142a doposa\u017cona w pomoce dydaktyczne s\u0142u\u017c\u0105ce do prowadzenia zaj\u0119\u0107 przygotowania wojskowego teoretycznych i praktycznych w jednostce patronackiej, kt\u00f3r\u0105 jest 13 \u015al\u0105ska Brygada Wojsk Obrony Terytorialnej. S\u0105 to kamizelki taktyczne, atrapy karabink\u00f3w, he\u0142my ochronne, busole, replika ASG z magazynkami w systemie AK, maski ochronne, maski przeciwgazowe, saperki, komplety do kwalifikowanej pierwszej pomocy, nosze medyczne, stazy taktyczne, radiotelefon PMR, przybory do walki wr\u0119cz, makieta broni szkoleniowej &#8211; karabinka rozbieralnego systemie AK, repliki granatu r\u0119cznego, kurtki ucznia, lornetki, latarki czo\u0142owe, n\u00f3\u017c typu multitool.<\/p>\n<p><img loading=\"lazy\" decoding=\"async\" class=\"size-medium wp-image-17837 aligncenter\" src=\"https:\/\/zeromski.czest.pl\/wp-content\/uploads\/2024\/02\/Zespol-Szkol-Technicznych-i-Ogolnoksztalcacych-im.-Stefana-Zeromskiego-w-Czestochowie-zdjecie-pakietu-szkoleniowego-OPW-300x138.jpg\" alt=\"Wyposa\u017cenie OPW-zdj\u0119cie nr 1\" width=\"300\" height=\"138\" srcset=\"https:\/\/zeromski.czest.pl\/wp-content\/uploads\/2024\/02\/Zespol-Szkol-Technicznych-i-Ogolnoksztalcacych-im.-Stefana-Zeromskiego-w-Czestochowie-zdjecie-pakietu-szkoleniowego-OPW-300x138.jpg 300w, https:\/\/zeromski.czest.pl\/wp-content\/uploads\/2024\/02\/Zespol-Szkol-Technicznych-i-Ogolnoksztalcacych-im.-Stefana-Zeromskiego-w-Czestochowie-zdjecie-pakietu-szkoleniowego-OPW-1263x583.jpg 1263w, https:\/\/zeromski.czest.pl\/wp-content\/uploads\/2024\/02\/Zespol-Szkol-Technicznych-i-Ogolnoksztalcacych-im.-Stefana-Zeromskiego-w-Czestochowie-zdjecie-pakietu-szkoleniowego-OPW-768x354.jpg 768w, https:\/\/zeromski.czest.pl\/wp-content\/uploads\/2024\/02\/Zespol-Szkol-Technicznych-i-Ogolnoksztalcacych-im.-Stefana-Zeromskiego-w-Czestochowie-zdjecie-pakietu-szkoleniowego-OPW-1536x709.jpg 1536w, https:\/\/zeromski.czest.pl\/wp-content\/uploads\/2024\/02\/Zespol-Szkol-Technicznych-i-Ogolnoksztalcacych-im.-Stefana-Zeromskiego-w-Czestochowie-zdjecie-pakietu-szkoleniowego-OPW-2048x945.jpg 2048w\" sizes=\"auto, (max-width: 300px) 100vw, 300px\" \/><\/p>\n<p><img loading=\"lazy\" decoding=\"async\" class=\"size-medium wp-image-17838 aligncenter\" src=\"https:\/\/zeromski.czest.pl\/wp-content\/uploads\/2024\/02\/Zespol-Szkol-Technicznych-i-Ogolnoksztalcacych-im.-Stefana-Zeromskiego-w-Czestochowie-zdjecie-pakietu-ubiorczego-ucznia-OPW-300x200.jpg\" alt=\"Wyposa\u017cenie OPW-zdj\u0119cie nr 2\" width=\"300\" height=\"200\" srcset=\"https:\/\/zeromski.czest.pl\/wp-content\/uploads\/2024\/02\/Zespol-Szkol-Technicznych-i-Ogolnoksztalcacych-im.-Stefana-Zeromskiego-w-Czestochowie-zdjecie-pakietu-ubiorczego-ucznia-OPW-300x200.jpg 300w, https:\/\/zeromski.czest.pl\/wp-content\/uploads\/2024\/02\/Zespol-Szkol-Technicznych-i-Ogolnoksztalcacych-im.-Stefana-Zeromskiego-w-Czestochowie-zdjecie-pakietu-ubiorczego-ucznia-OPW-1263x842.jpg 1263w, https:\/\/zeromski.czest.pl\/wp-content\/uploads\/2024\/02\/Zespol-Szkol-Technicznych-i-Ogolnoksztalcacych-im.-Stefana-Zeromskiego-w-Czestochowie-zdjecie-pakietu-ubiorczego-ucznia-OPW-768x512.jpg 768w, https:\/\/zeromski.czest.pl\/wp-content\/uploads\/2024\/02\/Zespol-Szkol-Technicznych-i-Ogolnoksztalcacych-im.-Stefana-Zeromskiego-w-Czestochowie-zdjecie-pakietu-ubiorczego-ucznia-OPW-1536x1024.jpg 1536w, https:\/\/zeromski.czest.pl\/wp-content\/uploads\/2024\/02\/Zespol-Szkol-Technicznych-i-Ogolnoksztalcacych-im.-Stefana-Zeromskiego-w-Czestochowie-zdjecie-pakietu-ubiorczego-ucznia-OPW-2048x1365.jpg 2048w\" sizes=\"auto, (max-width: 300px) 100vw, 300px\" \/><\/p>\n","protected":false},"excerpt":{"rendered":"<p>W Zespole Szk\u00f3\u0142 Technicznych i Og\u00f3lnokszta\u0142c\u0105cych im. Stefana \u017beromskiego od 1 wrze\u015bnia 2023 roku funkcjonuje oddzia\u0142 przygotowania wojskowego \u2013 klasa liceum og\u00f3lnokszta\u0142c\u0105cego obj\u0119ta patronatem Ministerstwa Obrony Narodowej. Kadeci tej klasy zostali wyposa\u017ceni w indywidualny pakiet wyposa\u017cenia ucznia klasy OPW, kt\u00f3ry &hellip; <a href=\"https:\/\/zeromski.czest.pl\/?page_id=17836\">Czytaj dalej <span class=\"meta-nav\">&rarr;<\/span><\/a><\/p>\n","protected":false},"author":1,"featured_media":0,"parent":0,"menu_order":0,"comment_status":"closed","ping_status":"closed","template":"","meta":{"footnotes":"","_links_to":"","_links_to_target":""},"class_list":["post-17836","page","type-page","status-publish","hentry"],"_links":{"self":[{"href":"https:\/\/zeromski.czest.pl\/index.php?rest_route=\/wp\/v2\/pages\/17836","targetHints":{"allow":["GET"]}}],"collection":[{"href":"https:\/\/zeromski.czest.pl\/index.php?rest_route=\/wp\/v2\/pages"}],"about":[{"href":"https:\/\/zeromski.czest.pl\/index.php?rest_route=\/wp\/v2\/types\/page"}],"author":[{"embeddable":true,"href":"https:\/\/zeromski.czest.pl\/index.php?rest_route=\/wp\/v2\/users\/1"}],"replies":[{"embeddable":true,"href":"https:\/\/zeromski.czest.pl\/index.php?rest_route=%2Fwp%2Fv2%2Fcomments&post=17836"}],"version-history":[{"count":2,"href":"https:\/\/zeromski.czest.pl\/index.php?rest_route=\/wp\/v2\/pages\/17836\/revisions"}],"predecessor-version":[{"id":17842,"href":"https:\/\/zeromski.czest.pl\/index.php?rest_route=\/wp\/v2\/pages\/17836\/revisions\/17842"}],"wp:attachment":[{"href":"https:\/\/zeromski.czest.pl\/index.php?rest_route=%2Fwp%2Fv2%2Fmedia&parent=17836"}],"curies":[{"name":"wp","href":"https:\/\/api.w.org\/{rel}","templated":true}]}}

Odział Przygotowania Wojskowego

<p>W Zespole Szkół Technicznych i Ogólnokształcących im. Stefana Żeromskiego od 1 września 2023 roku funkcjonuje oddział przygotowania wojskowego – klasa liceum ogólnokształcącego objęta patronatem Ministerstwa Obrony Narodowej. Kadeci tej klasy zostali wyposażeni w indywidualny pakiet wyposażenia ucznia klasy OPW, który składa się z munduru, koszulki, beretu, zestawu oznak regulaminowych, plecaka taktycznego, bluzy ocieplanej oraz czapki i rękawic zimowych. Szkoła została doposażona w pomoce dydaktyczne służące do prowadzenia zajęć przygotowania wojskowego teoretycznych i praktycznych w jednostce patronackiej, którą jest 13 Śląska Brygada Wojsk Obrony Terytorialnej. Są to kamizelki taktyczne, atrapy karabinków, hełmy ochronne, busole, replika ASG z magazynkami w systemie AK, maski ochronne, maski przeciwgazowe, saperki, komplety do kwalifikowanej pierwszej pomocy, nosze medyczne, stazy taktyczne, radiotelefon PMR, przybory do walki wręcz, makieta broni szkoleniowej &#8211; karabinka rozbieralnego systemie AK, repliki granatu ręcznego, kurtki ucznia, lornetki, latarki czołowe, nóż typu multitool.</p>
<p><img loading="lazy" decoding="async" class="size-medium wp-image-17837 aligncenter" src="https://zeromski.czest.pl/wp-content/uploads/2024/02/Zespol-Szkol-Technicznych-i-Ogolnoksztalcacych-im.-Stefana-Zeromskiego-w-Czestochowie-zdjecie-pakietu-szkoleniowego-OPW-300x138.jpg" alt="Wyposażenie OPW-zdjęcie nr 1" width="300" height="138" srcset="https://zeromski.czest.pl/wp-content/uploads/2024/02/Zespol-Szkol-Technicznych-i-Ogolnoksztalcacych-im.-Stefana-Zeromskiego-w-Czestochowie-zdjecie-pakietu-szkoleniowego-OPW-300x138.jpg 300w, https://zeromski.czest.pl/wp-content/uploads/2024/02/Zespol-Szkol-Technicznych-i-Ogolnoksztalcacych-im.-Stefana-Zeromskiego-w-Czestochowie-zdjecie-pakietu-szkoleniowego-OPW-1263x583.jpg 1263w, https://zeromski.czest.pl/wp-content/uploads/2024/02/Zespol-Szkol-Technicznych-i-Ogolnoksztalcacych-im.-Stefana-Zeromskiego-w-Czestochowie-zdjecie-pakietu-szkoleniowego-OPW-768x354.jpg 768w, https://zeromski.czest.pl/wp-content/uploads/2024/02/Zespol-Szkol-Technicznych-i-Ogolnoksztalcacych-im.-Stefana-Zeromskiego-w-Czestochowie-zdjecie-pakietu-szkoleniowego-OPW-1536x709.jpg 1536w, https://zeromski.czest.pl/wp-content/uploads/2024/02/Zespol-Szkol-Technicznych-i-Ogolnoksztalcacych-im.-Stefana-Zeromskiego-w-Czestochowie-zdjecie-pakietu-szkoleniowego-OPW-2048x945.jpg 2048w" sizes="auto, (max-width: 300px) 100vw, 300px" /></p>
<p><img loading="lazy" decoding="async" class="size-medium wp-image-17838 aligncenter" src="https://zeromski.czest.pl/wp-content/uploads/2024/02/Zespol-Szkol-Technicznych-i-Ogolnoksztalcacych-im.-Stefana-Zeromskiego-w-Czestochowie-zdjecie-pakietu-ubiorczego-ucznia-OPW-300x200.jpg" alt="Wyposażenie OPW-zdjęcie nr 2" width="300" height="200" srcset="https://zeromski.czest.pl/wp-content/uploads/2024/02/Zespol-Szkol-Technicznych-i-Ogolnoksztalcacych-im.-Stefana-Zeromskiego-w-Czestochowie-zdjecie-pakietu-ubiorczego-ucznia-OPW-300x200.jpg 300w, https://zeromski.czest.pl/wp-content/uploads/2024/02/Zespol-Szkol-Technicznych-i-Ogolnoksztalcacych-im.-Stefana-Zeromskiego-w-Czestochowie-zdjecie-pakietu-ubiorczego-ucznia-OPW-1263x842.jpg 1263w, https://zeromski.czest.pl/wp-content/uploads/2024/02/Zespol-Szkol-Technicznych-i-Ogolnoksztalcacych-im.-Stefana-Zeromskiego-w-Czestochowie-zdjecie-pakietu-ubiorczego-ucznia-OPW-768x512.jpg 768w, https://zeromski.czest.pl/wp-content/uploads/2024/02/Zespol-Szkol-Technicznych-i-Ogolnoksztalcacych-im.-Stefana-Zeromskiego-w-Czestochowie-zdjecie-pakietu-ubiorczego-ucznia-OPW-1536x1024.jpg 1536w, https://zeromski.czest.pl/wp-content/uploads/2024/02/Zespol-Szkol-Technicznych-i-Ogolnoksztalcacych-im.-Stefana-Zeromskiego-w-Czestochowie-zdjecie-pakietu-ubiorczego-ucznia-OPW-2048x1365.jpg 2048w" sizes="auto, (max-width: 300px) 100vw, 300px" /></p>

<p>W Zespole Szkół Technicznych i Ogólnokształcących im. Stefana Żeromskiego od 1 września 2023 roku funkcjonuje oddział przygotowania wojskowego – klasa liceum ogólnokształcącego objęta patronatem Ministerstwa Obrony Narodowej. Kadeci tej klasy zostali wyposażeni w indywidualny pakiet wyposażenia ucznia klasy OPW, który &hellip; <a href="https://zeromski.czest.pl/?page_id=17836">Czytaj dalej <span class="meta-nav">&rarr;</span></a></p>
