{"id":22555,"date":"2026-02-18T10:38:39","date_gmt":"2026-02-18T10:38:39","guid":{"rendered":"https:\/\/zeromski.czest.pl\/?page_id=22555"},"modified":"2026-04-15T10:00:29","modified_gmt":"2026-04-15T10:00:29","slug":"rekrutacja-2026-2027","status":"publish","type":"page","link":"https:\/\/zeromski.czest.pl\/?page_id=22555","title":{"rendered":"Rekrutacja 2026\/2027"},"content":{"rendered":"<p><a href=\"https:\/\/slaskie.edu.com.pl\/kandydat\/app\/access_locked.xhtml\">Strona naboru elektronicznego<\/a><\/p>\n<p><a href=\"https:\/\/zeromski.czest.pl\/wp-content\/uploads\/2026\/02\/Oferta-edukacyjna-na-rok-szkolny-2026-2027-1.docx\">Oferta edukacyjna na rok szkolny 2026-2027<\/a><\/p>\n<p><a href=\"https:\/\/zeromski.czest.pl\/wp-content\/uploads\/2026\/02\/Regulamin-rekrutacji-do-ZSTiO-2026-2027-1.docx\">Regulamin rekrutacji do ZSTiO 2026-2027<\/a><\/p>\n<p><a href=\"https:\/\/zeromski.czest.pl\/wp-content\/uploads\/2026\/02\/Terminy-postepowania-rekrutacyjnego-2026-2027-LO-Technikum-BS-I-1.docx\">Terminy post\u0119powania rekrutacyjnego LO,TECHNIKUM, BSI 2026-2027<\/a><\/p>\n<p><a href=\"https:\/\/zeromski.czest.pl\/wp-content\/uploads\/2026\/02\/Terminy-postepowania-rekrutacyjneo-2026-2027-Branzowa-Szkola-II-stopnia-1.docx\">Terminy post\u0119powania rekrutacyjnego BSII 2026-2027<\/a><\/p>\n<p><a href=\"https:\/\/zeromski.czest.pl\/wp-content\/uploads\/2026\/02\/Wzor-teczki-2026-2027-1.doc\">Wz\u00f3r teczki 2026-2027<\/a><\/p>\n<p><a href=\"https:\/\/zeromski.czest.pl\/wp-content\/uploads\/2026\/02\/Regulamin-proby-sprawnosci-fizycznej-do-OPW-2026.docx\">Regulamin przeprowadzenia pr\u00f3by sprawno\u015bci fizycznej w procesie rekrutacji do OPW<\/a><\/p>\n<p><a href=\"https:\/\/zeromski.czest.pl\/wp-content\/uploads\/2026\/02\/proba-sprawnosci-do-oddzialu-mundurowego-straz.odt\">Regulamin przeprowadzenia pr\u00f3by sprawno\u015bci fizycznej w procesie rekrutacji do oddzia\u0142\u00f3w o profilu mundurowym &#8211; Policja i Stra\u017c Graniczna<\/a><\/p>\n<p><a href=\"https:\/\/zeromski.czest.pl\/wp-content\/uploads\/2026\/04\/Wniosek-BS-II-st-2026.2027-2_klauzula.docx\">Wniosek BS II st 2026.2027<\/a><\/p>\n<p><strong>XII LICEUM OG\u00d3LNOKSZTA\u0141C\u0104CE<\/strong><\/p>\n<ul>\n<li><a href=\"https:\/\/zeromski.czest.pl\/wp-content\/uploads\/2025\/04\/Klasa-1W-OPW.pdf\">Klasa 1W Oddzia\u0142 przygotowania wojskowego<\/a><\/li>\n<li><a href=\"https:\/\/zeromski.czest.pl\/wp-content\/uploads\/2025\/04\/klasa_mundurowa-2025-ok.pdf\">Klasa 1P Oddzia\u0142 o\u00a0profilu mundurowym<\/a><\/li>\n<li><a href=\"https:\/\/zeromski.czest.pl\/wp-content\/uploads\/2025\/04\/Klasa-I-A-prawniczo-ekonomiczna.pdf\">Klasa 1A ekonomiczno-prawnicza<\/a><\/li>\n<li><a href=\"https:\/\/zeromski.czest.pl\/wp-content\/uploads\/2025\/04\/Klasa-I-B-biologiczno-chemiczna.pdf\">Klasa 1B biologiczno-chemiczna<\/a><\/li>\n<li><a href=\"https:\/\/zeromski.czest.pl\/wp-content\/uploads\/2025\/04\/klasa-C-humanistyczna.pdf\">Klasa 1C humanistyczno-medialna<\/a><\/li>\n<\/ul>\n<p><strong>TECHNIKUM NR 6<\/strong><\/p>\n<ul>\n<li><a href=\"https:\/\/zeromski.czest.pl\/wp-content\/uploads\/2021\/03\/technikinformatyks.png\" rel=\"lightbox[22555]\">Technik 1K informatyk<\/a><\/li>\n<li><a href=\"https:\/\/zeromski.czest.pl\/wp-content\/uploads\/2021\/04\/hotelarstwo.png\" rel=\"lightbox[22555]\">Technik 1H hotelarstwa<\/a><\/li>\n<li><a href=\"https:\/\/zeromski.czest.pl\/wp-content\/uploads\/2021\/04\/gastronomia.png\" rel=\"lightbox[22555]\">Technik 1G \u017cywienia i us\u0142ug gastronomicznych<\/a><\/li>\n<li><a href=\"https:\/\/www.facebook.com\/people\/Fryzjerstwo-%C5%BBEROM\/100094716884478\/\">Technik 1F us\u0142ug fryzjerskich<\/a><\/li>\n<\/ul>\n<p><strong>BRAN\u017bOWA SZKO\u0141A I STOPNIA NR 4<\/strong><\/p>\n<ul>\n<li>1M <a href=\"https:\/\/zeromski.czest.pl\/wp-content\/uploads\/2024\/02\/branzowepodlinkowane.png\" rel=\"lightbox[22555]\">Fryzjer<\/a><\/li>\n<\/ul>\n<p><strong>BRAN\u017bOWA SZKO\u0141A II STOPNIA NR 4 <\/strong><\/p>\n<ul>\n<li>Technik\u00a0 1N <a href=\"https:\/\/zeromski.czest.pl\/wp-content\/uploads\/2024\/02\/branzowepodlinkowane.png\" rel=\"lightbox[22555]\">us\u0142ug fryzjerskich<\/a><\/li>\n<\/ul>\n","protected":false},"excerpt":{"rendered":"<p>Strona naboru elektronicznego Oferta edukacyjna na rok szkolny 2026-2027 Regulamin rekrutacji do ZSTiO 2026-2027 Terminy post\u0119powania rekrutacyjnego LO,TECHNIKUM, BSI 2026-2027 Terminy post\u0119powania rekrutacyjnego BSII 2026-2027 Wz\u00f3r teczki 2026-2027 Regulamin przeprowadzenia pr\u00f3by sprawno\u015bci fizycznej w procesie rekrutacji do OPW Regulamin przeprowadzenia &hellip; <a href=\"https:\/\/zeromski.czest.pl\/?page_id=22555\">Czytaj dalej <span class=\"meta-nav\">&rarr;<\/span><\/a><\/p>\n","protected":false},"author":1,"featured_media":0,"parent":0,"menu_order":0,"comment_status":"closed","ping_status":"closed","template":"","meta":{"footnotes":"","_links_to":"","_links_to_target":""},"class_list":["post-22555","page","type-page","status-publish","hentry"],"_links":{"self":[{"href":"https:\/\/zeromski.czest.pl\/index.php?rest_route=\/wp\/v2\/pages\/22555","targetHints":{"allow":["GET"]}}],"collection":[{"href":"https:\/\/zeromski.czest.pl\/index.php?rest_route=\/wp\/v2\/pages"}],"about":[{"href":"https:\/\/zeromski.czest.pl\/index.php?rest_route=\/wp\/v2\/types\/page"}],"author":[{"embeddable":true,"href":"https:\/\/zeromski.czest.pl\/index.php?rest_route=\/wp\/v2\/users\/1"}],"replies":[{"embeddable":true,"href":"https:\/\/zeromski.czest.pl\/index.php?rest_route=%2Fwp%2Fv2%2Fcomments&post=22555"}],"version-history":[{"count":11,"href":"https:\/\/zeromski.czest.pl\/index.php?rest_route=\/wp\/v2\/pages\/22555\/revisions"}],"predecessor-version":[{"id":22921,"href":"https:\/\/zeromski.czest.pl\/index.php?rest_route=\/wp\/v2\/pages\/22555\/revisions\/22921"}],"wp:attachment":[{"href":"https:\/\/zeromski.czest.pl\/index.php?rest_route=%2Fwp%2Fv2%2Fmedia&parent=22555"}],"curies":[{"name":"wp","href":"https:\/\/api.w.org\/{rel}","templated":true}]}}