{"id":53,"date":"2016-01-31T16:01:02","date_gmt":"2016-01-31T16:01:02","guid":{"rendered":"http:\/\/zeromski.home.pl\/autoinstalator\/wordpress\/?page_id=53"},"modified":"2026-01-12T15:03:09","modified_gmt":"2026-01-12T15:03:09","slug":"kontakt","status":"publish","type":"page","link":"https:\/\/zeromski.czest.pl\/?page_id=53","title":{"rendered":"Kontakt"},"content":{"rendered":"<p><strong>Zesp\u00f3\u0142 Szk\u00f3\u0142 Technicznych i Og\u00f3lnokszta\u0142c\u0105cych im. Stefana \u017beromskiego w Cz\u0119stochowie<\/strong><\/p>\n<p><strong>Aleja NIEPODLEG\u0141O\u015aCI 16\/18<\/strong><br \/>\n<strong>42-216 Cz\u0119stochowa<\/strong><\/p>\n<p><em><strong>tel 34 370 95 52<\/strong><\/em><\/p>\n<p><em><strong>NIP 9491827818<\/strong><\/em><br \/>\n<em><strong>REGON 000201833<\/strong><\/em><\/p>\n<p>e-mail: <a title=\"mailto:zsto@edukacja.czestochowa.pl\" href=\"mailto:zsto@edukacja.czestochowa.pl\" target=\"_blank\" rel=\"noopener\">zsto@edukacja.czestochowa.pl<\/a><br \/>\nstrona internetowa <a href=\"http:\/\/www.zeromski.czest.pl\">http:\/\/www.zeromski.czest.pl<\/a><br \/>\nstrona BIP <a href=\"http:\/\/edukacja.bip.czestochowa.pl\/?cid=2601\">http:\/\/zsto.bip.czestochowa.pl<\/a><\/p>\n<p>adres e-dor\u0119cze\u0144:\u00a0<b>AE:PL-72488-96119-ITTTF-20<\/b><\/p>\n<p><a href=\"https:\/\/www.gov.pl\/web\/e-doreczenia\" target=\"_blank\" rel=\"noopener\">skrzynka do e-Dor\u0119cze\u0144<\/a><\/p>\n<p><a href=\"http:\/\/zeromski.czest.pl\/wp-content\/uploads\/2021\/03\/klauzula-informacyjna-do-formularza-kontaktowegoZSTiO.docx\">Klauzula informacyjna do formularza kontaktowego ZSTiO<\/a><\/p>\n<p>&nbsp;<\/p>\n","protected":false},"excerpt":{"rendered":"<p>Zesp\u00f3\u0142 Szk\u00f3\u0142 Technicznych i Og\u00f3lnokszta\u0142c\u0105cych im. Stefana \u017beromskiego w Cz\u0119stochowie Aleja NIEPODLEG\u0141O\u015aCI 16\/18 42-216 Cz\u0119stochowa tel 34 370 95 52 NIP 9491827818 REGON 000201833 e-mail: zsto@edukacja.czestochowa.pl strona internetowa http:\/\/www.zeromski.czest.pl strona BIP http:\/\/zsto.bip.czestochowa.pl adres e-dor\u0119cze\u0144:\u00a0AE:PL-72488-96119-ITTTF-20 skrzynka do e-Dor\u0119cze\u0144 Klauzula informacyjna do &hellip; <a href=\"https:\/\/zeromski.czest.pl\/?page_id=53\">Czytaj dalej <span class=\"meta-nav\">&rarr;<\/span><\/a><\/p>\n","protected":false},"author":1,"featured_media":0,"parent":0,"menu_order":0,"comment_status":"closed","ping_status":"closed","template":"","meta":{"footnotes":"","_links_to":"","_links_to_target":""},"class_list":["post-53","page","type-page","status-publish","hentry"],"_links":{"self":[{"href":"https:\/\/zeromski.czest.pl\/index.php?rest_route=\/wp\/v2\/pages\/53","targetHints":{"allow":["GET"]}}],"collection":[{"href":"https:\/\/zeromski.czest.pl\/index.php?rest_route=\/wp\/v2\/pages"}],"about":[{"href":"https:\/\/zeromski.czest.pl\/index.php?rest_route=\/wp\/v2\/types\/page"}],"author":[{"embeddable":true,"href":"https:\/\/zeromski.czest.pl\/index.php?rest_route=\/wp\/v2\/users\/1"}],"replies":[{"embeddable":true,"href":"https:\/\/zeromski.czest.pl\/index.php?rest_route=%2Fwp%2Fv2%2Fcomments&post=53"}],"version-history":[{"count":17,"href":"https:\/\/zeromski.czest.pl\/index.php?rest_route=\/wp\/v2\/pages\/53\/revisions"}],"predecessor-version":[{"id":22340,"href":"https:\/\/zeromski.czest.pl\/index.php?rest_route=\/wp\/v2\/pages\/53\/revisions\/22340"}],"wp:attachment":[{"href":"https:\/\/zeromski.czest.pl\/index.php?rest_route=%2Fwp%2Fv2%2Fmedia&parent=53"}],"curies":[{"name":"wp","href":"https:\/\/api.w.org\/{rel}","templated":true}]}}